{"id":1234,"date":"2026-08-15T10:00:00","date_gmt":"2026-08-15T08:00:00","guid":{"rendered":"https:\/\/www.gammelgarden.com\/?post_type=kalender&#038;p=1234"},"modified":"2025-12-15T15:57:59","modified_gmt":"2025-12-15T14:57:59","slug":"marknad-pa-gammelgarden","status":"publish","type":"kalender","link":"https:\/\/www.gammelgarden.com\/de\/kalender\/marknad-pa-gammelgarden\/","title":{"rendered":"Marknad p\u00e5 Gammelg\u00e5rden"},"content":{"rendered":"\n<p>Den 15 augusti \u00e4r du v\u00e4lkommen p\u00e5 en riktig mysig MARKNAD med hantverk och lokalproducerat i genuin milj\u00f6 h\u00e4r hos oss p\u00e5 GAMMELG\u00c5RDEN<\/p>\n\n\n\n<p>Det blir l\u00e4ttsam underh\u00e5llning fr\u00e5n scenen och servering i R\u00f6da Ladan. <\/p>\n\n\n\n<p><strong>Marknaden \u00e4r \u00f6ppen kl 10-15. <\/strong>L\u00e4gg in detta i din kalender redan nu!<\/p>\n\n\n\n<p>Dela g\u00e4rna till v\u00e4nner och bekanta!<\/p>\n\n\n\n<p><strong>Vill du s\u00e4lja produkter p\u00e5 v\u00e5r marknad?<\/strong><\/p>\n\n\n\n<p>V\u00e4lkommen med din anm\u00e4lan!<\/p>\n\n\n\n<p>PRIS: 100 kr per meter bord<\/p>\n\n\n\n<p>Vi har n\u00e5gra bord med presenning som g\u00e5r att boka.<\/p>\n\n\n\n<p>H\u00f6r av dig till marknadsgeneralen Mary Nordstr\u00f6m p\u00e5<\/p>\n\n\n\n<p>marknad@gammelgarden.com<\/p>\n\n\n\n<p>0709-701 378 (g\u00e4rna SMS p\u00e5 dagtid)<\/p>\n","protected":false},"featured_media":1338,"template":"","meta":{"_acf_changed":true},"acf":[],"_links":{"self":[{"href":"https:\/\/www.gammelgarden.com\/de\/wp-json\/wp\/v2\/kalender\/1234"}],"collection":[{"href":"https:\/\/www.gammelgarden.com\/de\/wp-json\/wp\/v2\/kalender"}],"about":[{"href":"https:\/\/www.gammelgarden.com\/de\/wp-json\/wp\/v2\/types\/kalender"}],"wp:featuredmedia":[{"embeddable":true,"href":"https:\/\/www.gammelgarden.com\/de\/wp-json\/wp\/v2\/media\/1338"}],"wp:attachment":[{"href":"https:\/\/www.gammelgarden.com\/de\/wp-json\/wp\/v2\/media?parent=1234"}],"curies":[{"name":"wp","href":"https:\/\/api.w.org\/{rel}","templated":true}]}}

Marknad på Gammelgården

<p>Den 15 augusti är du välkommen på en riktig mysig MARKNAD med hantverk och lokalproducerat i genuin miljö här hos oss på GAMMELGÅRDEN</p>



<p>Det blir lättsam underhållning från scenen och servering i Röda Ladan. </p>



<p><strong>Marknaden är öppen kl 10-15. </strong>Lägg in detta i din kalender redan nu!</p>



<p>Dela gärna till vänner och bekanta!</p>



<p><strong>Vill du sälja produkter på vår marknad?</strong></p>



<p>Välkommen med din anmälan!</p>



<p>PRIS: 100 kr per meter bord</p>



<p>Vi har några bord med presenning som går att boka.</p>



<p>Hör av dig till marknadsgeneralen Mary Nordström på</p>



<p>marknad@gammelgarden.com</p>



<p>0709-701 378 (gärna SMS på dagtid)</p>
